2. Let l(p) = f*p - 3*p - 4*p + 3. Let u be l(-4). What is the greatest common divisor of u and 33?
11
Let h(u) = 3*u - 4. Let f be h(11). Calculate the greatest common factor of f and 145.
29
Suppose -5*g = 5*u - 0*u - 15, 12 = 4*u - 2*g. Let h be 8 - (1 - u)/1. Calculate the highest common factor of 110 and h.
10
Suppose -5*o - 342 = -3*g, -5*g = -2*o - 120 - 13. Let r be (-2 + -1)*o/(-9). Let s = -16 - r. What is the greatest common divisor of s and 49?
7
Let x = 25 - 7. Suppose 162 = 4*c + x. Suppose 2*f = 10 - 2. What is the greatest common divisor of f and c?
4
Suppose 0 = 2*j - 2*z - 6, -2*j = -2*z + 6*z - 12. Calculate the greatest common factor of 76 and j.
4
Let a be -1 + 0 - 1 - -3. Suppose 75 = -2*b + 7*b. Let n be -10*(-2)/b*3. What is the highest common divisor of n and a?
1
Let s = -8 - -148. Suppose 0 = v + f - 34, -2*f = -4*v - 7*f + s. What is the highest common divisor of 20 and v?
10
Let l(v) = -v**2 - 7*v - 8. Let a be l(-7). Let w be (-5 - 0)*24/a. What is the greatest common divisor of 5 and w?
5
Let f(s) = 3*s**2 + s - 4. Let o be f(2). Let k = 185 - 105. Calculate the highest common factor of o and k.
10
Let b = -5 + 3. Let a be b*(-5)/(-8)*-4. Let k be 2/(0 - -1) + a. Calculate the highest common factor of k and 21.
7
Suppose -5*c + 128 = -4*u, -4*c - u + 31 = -3*c. What is the greatest common divisor of c and 70?
14
Suppose 0*f - 25 = -5*f. Suppose -1 = 4*b - 5. Calculate the highest common factor of b and f.
1
Suppose -14 = -p - j, 2*p - j = -2*p + 76. Suppose 0*q + 22 = q + 3*d, -4*q + 2*d + p = 0. What is the greatest common divisor of 28 and q?
7
Let b(r) = -r**3 + 5*r**2 + 10*r - 5. Let n be b(4). What is the highest common divisor of 17 and n?
17
Let j(y) = -y + 3. Let v be j(7). Let b be (v/5)/(1/(-5)). What is the highest common divisor of 4 and b?
4
Suppose -68 = -46*a + 42*a. What is the highest common divisor of 51 and a?
17
Suppose 0 = 2*g + 2, 0 = x + x + 2*g - 56. Suppose x + 16 = -3*n. Let l be n/(-20) + (-1)/(-4). What is the greatest common divisor of l and 2?
1
Suppose -4*d + 0*d = -24. Let u be (-1)/d + 421/6. Calculate the greatest common factor of 10 and u.
10
Suppose -5*z + 158 = -42. Let m(k) = -k**2 + 9*k - 3. Let q be m(6). Let g be (q/2)/((-6)/(-8)). What is the greatest common factor of z and g?
10
Suppose -5*b + 3 = 2*v - 40, -34 = -v - 5*b. Let h(m) = m - 1. Let s = 3 + 1. Let w be h(s). Calculate the greatest common divisor of w and v.
3
Let a = 25 - 17. Let y = 192 + -136. Calculate the highest common divisor of y and a.
8
Suppose 0*t + 75 = -3*t. Let q be t*(2 + (-36)/15). What is the highest common divisor of 2 and q?
2
Suppose -2*c + x = -3*c - 22, -50 = 3*c - x. Let b be (-32)/(-18) - 4/c. Suppose -b*r + 7*r = 595. Calculate the greatest common factor of 17 and r.
17
Suppose 4*r - 3*p = 237, 5*r - 3*p - 47 = 250. Calculate the greatest common divisor of r and 20.
20
Let j = -25 + 32. Let f = -121 - -170. What is the greatest common divisor of f and j?
7
Suppose -3 = i, -2*j + 4*i = 2*j. Let a(n) = -n**3 - n**2 + 4*n + 5. Let x be a(j). Calculate the greatest common factor of x and 1.
1
Let b be 4*4*(-11)/(-2). Suppose 85 = 4*h + 217. Let p be (-5)/15*(0 + h). What is the highest common factor of b and p?
11
Let f(n) = 2*n**2 - 4*n. Let h be f(4). What is the greatest common divisor of h and 144?
16
Let z(v) = 3*v**2 - 1. Let f be z(1). Calculate the highest common factor of 18 and f.
2
Let g = 5 + 3. Calculate the highest common factor of g and 56.
8
Let w(b) = b**3 + 11*b**2 + 14. Let s be w(-9). Calculate the greatest common divisor of 16 and s.
16
Suppose 3*l - 6 = 3. Suppose 0 = l*s + 2*s - 235. Suppose -g + 52 = -s. What is the highest common factor of 9 and g?
9
Let x = 11 + -5. Let d(m) = m**2 - 4*m - 7. Let o be d(x). Suppose -o*v = -v - 12. Calculate the highest common divisor of 15 and v.
3
Suppose 0 = 2*y + y. Suppose 3*f - 2*f - 32 = y. What is the highest common divisor of 8 and f?
8
Let j = -61 - -142. Let w(y) = 2*y. Let x be w(2). Suppose -x*g + 36 = -0*g. What is the highest common factor of g and j?
9
Suppose -2*v + 0*v + 5*m = 14, 0 = v + 5*m - 23. Suppose -9 = v*u - 12. What is the highest common divisor of 4 and u?
1
Suppose 2*p + 2 = 0, 5*x - 2*p = 2*p + 19. Let d be (1 + 3)*3/2. Calculate the highest common divisor of x and d.
3
Suppose i + 0 = 14. Let v(z) = z**3 - 6*z**2 - 6*z + 7. Let n be v(7). Calculate the highest common factor of n and i.
14
Let x = 83 - 38. Let r(s) = 2*s**2 - s - 1. Let c be r(2). What is the highest common factor of c and x?
5
Let a be (-8)/(-12) - 93/(-9). Let f = a + -1. Let c be f + (-1 - (0 + 0)). What is the highest common factor of c and 9?
9
Suppose -2*z + 5*s - 9 = 5, 4*z + 4*s - 28 = 0. Suppose z*n - 36 = 2*n. What is the highest common divisor of 4 and n?
4
Suppose 2*t = -2*r + 56, -2*r + r = -4*t - 8. Calculate the highest common divisor of r and 3.
3
Let r(h) = -h**3 - 8*h**2 - h - 6. Let c be r(-8). What is the greatest common divisor of 11 and c?
1
Suppose 0 = 3*k - 0*c - c - 42, -2*k + 15 = -5*c. Suppose 4*o = o + k. Let z be ((-6)/o)/(6/(-20)). Calculate the highest common divisor of z and 4.
4
Suppose 0 = -5*t + j + 34 + 9, -5*j + 25 = 5*t. Calculate the greatest common divisor of t and 1.
1
Suppose 2*n = m + n + 2, -4*n + 1 = 3*m. Let v(c) = -14*c + 1. Let r be v(m). Calculate the greatest common divisor of r and 5.
5
Suppose 0 = -2*o + 1 + 7. Let m(l) = -2*l - 6. Let d be m(-4). Suppose d = -3*p + o*p. Calculate the highest common divisor of p and 4.
2
Let v be 21/7*10/6. Suppose v*k + u - 80 = 0, -u + 29 = 4*k - 36. Calculate the highest common factor of 10 and k.
5
Let d be (-2)/(-7) + 2260/28. What is the highest common divisor of 9 and d?
9
Let g(h) = -h**3 - 14*h**2 + 9*h + 33. Let r be g(-15). Calculate the highest common factor of r and 82.
41
Let s = -17 - -32. Suppose -10 = -2*m - 0*b + b, 2*b = 0. What is the highest common divisor of m and s?
5
Let q(t) = 7*t + 1. Let j be q(1). Suppose 5*k + 3*n = 4, 3*k - 2*k - 4 = n. Calculate the greatest common divisor of j and k.
2
Let k be 8*(-1)/(-2*1). Suppose k*v - 111 - 23 = -z, -3*z + 28 = v. Suppose w + 4*a = -w + v, -3*a + 63 = 4*w. What is the highest common divisor of 5 and w?
5
Suppose 0 = -11*g + 480 + 81. What is the highest common divisor of g and 85?
17
Let s = -38 + 25. Let d = s - -9. Let f(q) = -q + 4. Let i be f(d). Calculate the greatest common factor of i and 8.
8
Let g be (-2)/(-4)*-2 - -17. Let o = 23 + g. Let i be (6 - 19)/((-1)/2). Calculate the greatest common divisor of o and i.
13
Let l be (-3 - -1)/(2/(-8)). Suppose -z + 3*p + 41 = 0, 0*p + 2*p = -2*z + 58. Calculate the greatest common divisor of z and l.
8
Suppose 5*f - 3*v = 18, f + 4*v = -f + 2. What is the greatest common divisor of 2 and f?
1
Let f be -2 + 7 + 4 + 0. Let m(x) = -2*x**3 - 4*x**2 - x - 3. Let y be m(-3). Calculate the highest common divisor of y and f.
9
Suppose 34 = d - 2. Calculate the greatest common factor of d and 12.
12
Let q be (-17 - 0)/(3/(-6)). What is the highest common factor of q and 51?
17
Suppose u - 3*j = 14, j - 1 + 13 = 4*u. Let w = 13 - 5. Calculate the highest common factor of u and w.
2
Suppose 0 = -2*y + 3*z + 57 + 12, -5*y + 135 = 5*z. What is the highest common factor of y and 12?
6
Let p be -6*(0 + (-35)/6). Calculate the highest common divisor of 28 and p.
7
Let h be 6/(-4) - 252/24. Let i be (h/14)/((-3)/21). Calculate the greatest common factor of i and 2.
2
Let p(g) = 0 + 5*g + 0*g - 4 - 10. Let z be p(6). Let h be ((-20)/(-3))/(3/18). What is the highest common factor of z and h?
8
Let d(f) = f**2 + 5*f + 6. Let o = 5 + -10. Let w be d(o). Calculate the greatest common divisor of 66 and w.
6
Let j = 12 + -5. Suppose 4*q = 3*q + j. Calculate the highest common divisor of q and 56.
7
Suppose -2 = -4*y + 2. What is the highest common factor of y and 7?
1
Let c be (24/30)/(2/25). Let d = c - 7. What is the greatest common divisor of d and 12?
3
Let i(b) = -b**3 - b**2. Let l(f) = -4*f**3 - 9*f**2 - 4*f - 3. Let g(t) = 3*i(t) - l(t). Let j be g(-4). Calculate the greatest common divisor of j and 19.
19
Let s = 18 - 5. What is the greatest common factor of s and 91?
13
Let k be 1*21 + (-4 - -6). Suppose k = d + 5*a - 3*a, -61 = -3*d - 4*